s 54e (base 16) in base 5?
20413
235b (base 13) to base 16
1371
12101022 (base 3) to base 6
30055
What is -13022311 (base 4) in base 2?
-111001010110101
Convert -2520 (base 6) to base 10.
-624
What is 8492 (base 10) in base 8?
20454
171 (base 8) to base 10
121
What is -10202121 (base 3) in base 4?
-222313
Convert -5245 (base 7) to base 10.
-1846
Convert 36122 (base 9) to base 6.
303502
What is -42 (base 10) in base 11?
-39
23103 (base 6) to base 16
ccf
-371 (base 9) to base 5
-2212
What is -1a3 (base 14) in base 6?
-1323
-2471 (base 10) to base 6
-15235
147a (base 15) to base 2
1000100100110
What is 3404144 (base 5) in base 6?
1141232
What is 47461 (base 8) in base 5?
1122043
What is -1131 (base 4) in base 10?
-93
What is 13110 (base 4) in base 6?
2100
What is -10120110 (base 3) in base 8?
-5054
66053 (base 9) to base 5
2400123
What is -51320 (base 7) in base 10?
-12509
Convert -1e7 (base 16) to base 3.
-200001
827 (base 14) to base 12
b17
20b (base 15) to base 6
2045
What is 10001010 (base 3) in base 13?
1017
236 (base 7) to base 10
125
What is -10841 (base 9) in base 12?
-423a
What is -223110 (base 4) in base 5?
-42042
-a2 (base 11) to base 10
-112
66 (base 7) to base 10
48
Convert 10020110 (base 3) to base 5.
33421
Convert 60103 (base 7) to base 6.
150534
What is -20473 (base 10) in base 14?
-7665
Convert -482 (base 15) to base 10.
-1022
-70 (base 13) to base 16
-5b
Convert 611 (base 7) to base 2.
100101110
Convert 3275 (base 11) to base 10.
4317
Convert 20240 (base 8) to base 3.
102110100
What is -2246 (base 7) in base 12?
-582
100221 (base 5) to base 3
11101000
What is -22274 (base 9) in base 13?
-6982
What is -56011 (base 7) in base 9?
-21264
Convert 45 (base 6) to base 11.
27
-6048 (base 14) to base 10
-16528
-1002000012 (base 3) to base 2
-101001010011010
What is -bd3 (base 15) in base 9?
-3600
-30b (base 15) to base 3
-221102
What is -100010001110111 (base 2) in base 6?
-213051
What is 1021122110 (base 3) in base 4?
12022221
Convert 26a (base 13) to base 4.
12222
Convert 58ae (base 15) to base 3.
221211202
What is 52 (base 13) in base 15?
47
-20104 (base 5) to base 12
-8a7
Convert 98 (base 14) to base 3.
11222
Convert -12040 (base 5) to base 8.
-1577
-1622 (base 10) to base 11
-1245
Convert -87381 (base 9) to base 13.
-20485
What is -7ab2 (base 14) in base 4?
-11031030
405605 (base 7) to base 11
48028
What is -2162 (base 7) in base 2?
-1100001011
Convert -1430202 (base 5) to base 6.
-351044
What is 5467 (base 9) in base 3?
12112021
What is 466 (base 8) in base 4?
10312
26503 (base 12) to base 15
10893
666 (base 10) to base 4
22122
What is -2344 (base 8) in base 10?
-1252
Convert -10d (base 15) to base 3.
-22211
Convert -125040 (base 6) to base 14.
-4276
4c94 (base 15) to base 7
65431
What is 82d (base 14) in base 7?
4456
What is -135 (base 8) in base 7?
-162
What is 10413 (base 6) in base 16?
5a9
Convert -201504 (base 6) to base 15.
-4ad7
Convert -14034 (base 8) to base 14.
-236c
-10222 (base 4) to base 12
-20a
What is -12b (base 12) in base 11?
-153
What is -287 (base 12) in base 11?
-326
-2002211022 (base 3) to base 15
-c41b
-7e9 (base 16) to base 8
-3751
What is 13571 (base 8) in base 11?
4573
Convert -22222200 (base 3) to base 5.
-202202
Convert 3d3 (base 16) to base 4.
33103
4266 (base 7) to base 13
8ca
What is 34142 (base 5) in base 12?
149a
What is -2044430 (base 5) in base 12?
-17a79
What is 1432 (base 11) in base 12?
10a2
What is -29310 (base 11) in base 13?
-15c49
-158b (base 14) to base 6
-25451
52360 (base 10) to base 9
78737
-120 (base 10) to base 6
-320
Convert 3333 (base 6) to base 2.
1100001001
What is 1175 (base 9) in base 6?
4022
What is -210100 (base 4) in base 3?
-10011221
Convert -1a768 (base 13) to base 12.
-25b88
What is 103 (base 13) in base 5?
1142
Convert -1010000010111 (base 2) to base 3.
-21001111
Convert -674 (base 16) to base 7.
-4550
2124 (base 9) to base 14
7d7
What is 11110011 (base 2) in base 8?
363
Convert -17d4 (base 15) to base 3.
-21001201
-889 (base 10) to base 6
-4041
Convert -475 (base 8) to base 7.
-632
Convert 20200200 (base 3) to base 16.
130e
Convert 120110 (base 3) to base 13.
261
-3807 (base 11) to base 5
-124333
Convert 533 (base 9) to base 16.
1b3
Convert -120110101 (base 3) to base 2.
-10110000000101
-115 (base 14) to base 10
-215
Convert 4ba7 (base 12) to base 13.
3c04
What is 10101000 (base 2) in base 3?
20020
13757 (base 9) to base 15
2b97
-a882 (base 14) to base 4
-13013002
43154 (base 7) to base 15
329b
Convert 4b6 (base 13) to base 16.
339
Convert 2210 (base 9) to base 12.
b39
-30200 (base 5) to base 9
-2568
What is 288 (base 9) in base 3?
22222
What is 100011001011 (base 2) in base 7?
6364
Convert -d05 (base 16) to base 12.
-1b19
536a (base 13) to base 15
3670
What is -1494 (base 13) in base 11?
-2282
What is -131120 (base 4) in base 7?
-5324
What is -3808 (base 10) in base 13?
-196c
a702 (base 11) to base 7
56165
Convert 38 (base 12) to base 15.
2e
3312 (base 4) to base 12
186
13122 (base 6) to base 4
133022
Convert 22097 (base 10) to base 6.
250145
What is 295 (base 10) in base 6?
1211
What is 50c (base 16) in base 13?
785
What is 4413 (base 6) in base 8?
1771
-10113 (base 8) to base 7
-15106
What is 6324 (base 8) in base 2?
110011010100
222223 (base 4) to base 12
16b7
-2142044 (base 5) to base 10
-37149
What is 6a4 (base 11) in base 15?
3b0
Convert 4b14 (base 14) to base 6.
140514
What is -500 (base 8) in base 12?
-228
-264e (base 15) to base 12
-4892
What is -14972 (base 10) in base 14?
-5656
237 (base 12) to base 11
281
11100 (base 2) to base 15
1d
What is 241 (base 16) in base 9?
711
-58 (base 12) to base 6
-152
What is -11053 (base 6) in base 5?
-22140
433b (base 13) to base 15
2b80
What is -168 (base 16) in base 12?
-260
Convert -11122210 (base 3) to base 11.
-2608
What is 360362 (base 7) in base 4?
33313322
-1100001 (base 3) to base 11
-805
What is -4322 (base 8) in base 2?
-100011010010
-45 (base 16) to base 12
-59
Convert -13032313 (base 4) to base 6.
-345051
Convert -1312 (base 4) to base 8.
-166
Convert 123505 (base 7) to base 3.
1011101201
Convert 5540 (base 6) to base 13.
77a
-533 (base 11) to base 15
-2cb
What is -4 (base 8) in base 3?
-11
122 (base 9) to base 2
1100101
What is -391aa (base 11) in base 10?
-56143
202020 (base 3) to base 16
222
Convert 18077 (base 11) to base 4.
12030131
What is -1840 (base 11) in base 12?
-1433
Convert 1333 (base 12) to base 15.
9b9
-1331 (base 6) to base 3
-110201
What is -4c8 (base 14) in base 8?
-1700
What is -11112222001 (base 3) in base 14?
-2494d
Convert -2732 (base 13) to base 16.
-15f2
Convert 9c9 (base 14) to base 11.
1505
1034 (base 7) to base 13
224
What is 38a1 (base 15) in base 7?
50131
Convert -3064 (base 8) to base 13.
-952
Convert -100121 (base 4) to base 15.
-49e
What is -4312 (base 5) in base 14?
-2d8
Convert 125a6 (base 11) to base 7.
103356
Convert 51880 (base 11) to base 8.
223510
-3b8a (base 13) to base 14
-319a
What is 725 (base 12) in base 8?
2015
What is -941b (base 12) in base 6?
-202435
What is -101110101001100 (base 2) in base 8?
-56514
Convert -105048 (base 9) to base 15.
-138c8
What is -10100022 (base 3) in base 2?
-100110000110
Convert -46505 (base 7) to base 6.
-131052
1080 (base 10) to base 12
760
10021221012 (base 3) to base 15
14322
-607 (base 10) to base 14
-315
What is -130335 (base 6) in base 12?
-69ab
-100011001101111 (base 2) to base 8
-43157
1013330 (base 5) to base 16
414b
304 (base 13) to base 8
777
472 (base 12) to base 13
3bc
Convert -102315 (base 6) to base 11.
-6290
What is -a9c1 (base 13) in base 10?
-23648
Convert -1b4 (base 12) to base 13.
-187
-1066 (base 8) to base 15
-27b
25350 (base 7) to base 5
203244
Convert 531 (base 8) to base 3.
110210
Convert -24667 (base 9) to base 10.
-16585
What is -323 (base 6) in base 8?
-173
-20404 (base 14) to base 16
-12f34
Convert 15b (base 13) to base 5.
1440
Convert 4562 (base 8) to base 13.
1140
Convert 143671 (base 8) to base 6.
1032413
Convert -33510 (base 7) to base 14.
-3140
-798 (base 14) to base 8
-2742
Convert -614b (base 12) to base 15.
-31eb
-199 (base 11) to base 6
-1021
Convert 69c (base 14) to base 13.
7a1
Convert -519 (base 12) to base 14.
-3ad
Convert 55 (base 12) to base 11.
5a
What is 22400 (base 5) in base 10?
1600
1061 